 a composite number?
False
Let u(p) = 26*p**2 - 7*p + 13. Let k(a) be the second derivative of -a**3/3 - 19*a**2 + 23*a. Let y be k(-22). Is u(y) composite?
False
Suppose 0 = 6*j - 1580 - 46792. Let h be j/(-13) - 6/(-39). Let k = h + 1261. Is k composite?
False
Suppose 0 = -r + 5*i - 1, 3*r = 2*r - 4*i + 35. Let m(c) = -c**2 - 48*c + 393. Let w be m(-51). Let d = w - r. Is d prime?
False
Let d = 20084 + -9487. Is d a composite number?
False
Let u(v) = 3*v**2 + 7*v - 5. Let g be 1 - 0 - 6*(-1)/1. Is u(g) composite?
False
Is (-365140195)/(-437) - (-6)/(-69) composite?
True
Suppose 14*v = -9353551 + 27131185. Is v prime?
False
Let t = 8833 + -6102. Is t a prime number?
True
Let n(r) = 5*r**2 - 16 - r**2 - 39 + 23*r. Is n(16) composite?
True
Let v(g) = 230*g**2 - 402*g + 17. Is v(-7) prime?
False
Let g be 1/(1/(-1)*1/3). Is ((-18)/(-27) - 476/g)*3 prime?
False
Let u = 120613 + -44780. Is u prime?
True
Let p(i) = -3*i + 2. Let z(o) = -188*o - 42. Let r(w) = 3*p(w) - z(w). Is r(49) a composite number?
False
Suppose -35*k = -39*k - 4*w + 149812, 2*w = 5*k - 187251. Is k composite?
True
Let l(z) = 1302*z - 35. Let i be l(7). Suppose 5*j - 3*v - 15254 = 0, -4*j + i = 3*v - 3108. Is j composite?
False
Let q = 572909 - 275940. Is q prime?
True
Let g be ((-147)/12*4*2)/(-2). Let r = 33 + g. Suppose -5*h = 5, h - 57 = -4*z + r. Is z prime?
False
Let i be -3 - 2*(-35)/(-14). Is i + 10 + -8 - 17400/(-3) prime?
False
Let o(y) = 4*y**2 - 7*y + 4. Let s be (-2 - -2)/4 - -2. Let c be o(s). Suppose -16*b + 1870 = -c*b. Is b composite?
True
Suppose -14684 = -q + i, -q + 3*q - 4*i - 29374 = 0. Is q a prime number?
False
Suppose -5*t + 2*h + 4784 = 0, 4*t - 2413 = 3*h + 1417. Suppose t = 7*s + 277. Is s a prime number?
True
Let g = 38517 + 3060. Is g a prime number?
False
Suppose 147836 - 1914778 = -60*r + 1658518. Is r prime?
False
Suppose -671*x + 326095259 = -624*x. Is x a composite number?
True
Suppose 238*x = 242*x + 5*k - 2214198, -4*k + 8 = 0. Is x a prime number?
False
Suppose 4*m = 4*h - 28, 0 = -10*h + 5*h - 2*m. Suppose 10*i = -h*i + 11364. Is i a composite number?
False
Suppose 0 = -2*j + 1 + 5, -4*g + 4*j = -3580144. Is g a prime number?
True
Suppose -39*r + 1843317 + 2576982 = 0. Is r prime?
True
Suppose 117*d + 24*d - 4635728 - 11810371 = 0. Is d a prime number?
True
Suppose -11*k = 17*k - 724510 - 15380446. Is k a prime number?
True
Suppose 6 = 3*y - 3. Suppose 4*s = 4*g - 3756, -4599 = -4*g - y*s - 808. Let j = 2913 - g. Is j composite?
True
Let a = -629 + 635. Suppose 0 = -a*d + 108378 - 35952. Is d a composite number?
False
Let q(y) = -18*y**2 - 17*y - 8. Let s(h) = -12*h**2 - 11*h - 5. Let u(m) = -5*q(m) + 7*s(m). Suppose 0 - 26 = -2*k. Is u(k) a prime number?
True
Suppose -h = 4*r - 6615, -4*r = 5*h - 47395 + 14304. Is h a composite number?
False
Let t be 810/81 + 4 + 1/1. Suppose -3*h - t*b + 4032 = -16*b, 3*h - 4020 = 5*b. Is h composite?
True
Is 4/(-57)*(-12)/8 + 2704740/228 prime?
True
Suppose 0 = -10561*k + 10568*k - 2799853. Is k a prime number?
True
Is 19 - 7 - 411225/(-15) prime?
True
Suppose -2*i + 18 = 3*k, -11*i + 6*i + 38 = 4*k. Suppose i*y - 450 - 11712 = 0. Is y prime?
True
Let u be (-2 - 250)*(-6)/(-36)*-38. Let s = -719 + u. Is s composite?
False
Let g = -864953 + 1218238. Is g composite?
True
Suppose -2*w - 4*g + 2430 = 0, -2*w + 3*g + 2428 = 8*g. Is w a composite number?
True
Suppose -5*v - 4*w = -25, 12*w = 5*v + 10*w - 55. Suppose -v*u - 5068 = -24517. Is u a prime number?
True
Let k be -12*(2 - (-1120)/15). Suppose 4*d = -733 + 8161. Let n = d - k. Is n a composite number?
False
Let z = -792 + 1511. Suppose 17*w + 3077 + 5559 = 0. Let o = z + w. Is o prime?
True
Let z be 0 + 4 + (3 - 4). Suppose -z*n + 917 = 2*d + 2*n, 3*d - 1395 = -n. Suppose 4*k - 34 = 3*s + 846, -5*s + d = 2*k. Is k a composite number?
False
Is (-36)/(-156) - 28256/(-26) a prime number?
True
Suppose 121*k + 626 = t + 123*k, 0 = 4*t - 3*k - 2438. Is t prime?
False
Let y(c) = 7*c - 2*c**3 - 4 + c**3 + 15*c**2 - 3*c**2. Let t be y(-6). Let b = 1443 - t. Is b a composite number?
True
Suppose -11*t + 9*t + 2*f = -4, 0 = 2*t + 5*f + 10. Suppose -o = -3*l - 1807 - 945, t = 2*o - l - 5529. Is o a prime number?
True
Suppose 31 + 13 = -11*s. Let l be 2/6 + (s/(-6) - -2). Suppose 2*w + p - 2922 = l*p, -2*w = -p - 2920. Is w a prime number?
True
Let i(f) = -11*f + 4*f - 2*f**2 + 4 - 3*f**2. Let r(j) = -10*j**2 - 14*j + 9. Let k(t) = 5*i(t) - 3*r(t). Is k(10) a prime number?
True
Suppose -89*q - 32*q - 41*q = -6934086. Is q a composite number?
True
Let t(c) = 2044*c - 148 + 353*c - 153*c - 48 - 13. Is t(3) a prime number?
False
Suppose 61*q = 69*q + 32. Let d(h) = 18*h**2 - h + 15. Is d(q) a prime number?
True
Let v = 3017 - 5962. Let w = v - -8206. Is w a composite number?
False
Let a = 1158 - 451. Let s be (-21 - -23 - (2 + 0)) + 2 + -2. Suppose -2*g - a = -f - s*g, f + g = 707. Is f a prime number?
False
Let c = -38629 + 206880. Is c a prime number?
False
Let o(y) = 10*y**2 - y - 3*y**2 - 6*y**2 - 5. Let a be o(4). Let v(b) = 175*b - 12. Is v(a) a composite number?
False
Let z = -586 + 203. Let h = -2339 - z. Let a = h - -5527. Is a a prime number?
True
Let r(z) = 3706*z**3 + 10*z**2 + z - 17. Is r(4) prime?
True
Let q(t) = -11*t - 23 + 26 + 66 + 16. Is q(-14) composite?
False
Let c be (-6 - 7299)*(-7)/3. Suppose -19*p + 14*p + c = 0. Suppose -11*z + 10*z = -p. Is z composite?
True
Suppose -5*q + 2*q + 5489 = 4*w, 12 = -3*w. Is q prime?
False
Suppose 25724 = -4*p - 2*q, -2*q - 2*q = p + 6417. Let o = 13524 + p. Is o composite?
True
Let w be 2*(-54380)/(-15)*(-15)/(-4). Suppose -n + w = 9*n. Is n composite?
False
Suppose 14*n - 252187 = 10*n + 3*c, 4*n - 252190 = 2*c. Is n prime?
False
Suppose -2*s = 2*w - 18, 2*w - 23 - 10 = -5*s. Suppose 2*y + 2*y = -i + 20, -4*y = -w*i. Is (7/2)/(y/408*3) prime?
False
Is 19/(38/24) - -70705 a prime number?
True
Let i(q) = -170*q + 52. Suppose -z + 5 = 0, -9 - 1 = -t - 4*z. Let a be i(t). Let d = a - 697. Is d prime?
False
Let q = -67 - -70. Suppose -q*p = o - 10590, -5*p + 4*o + 17664 = o. Let g = p + -436. Is g prime?
False
Let o = -33 + 50. Suppose -f + 198 + o = 0. Suppose 13*p - f - 32 = 0. Is p composite?
False
Let d = 22089 - 6164. Let q = d + -5756. Is q a prime number?
True
Suppose 81*u - 76*u + 2*g = 648485, -2*g - 648465 = -5*u. Is u prime?
False
Suppose 97914 = 318*j - 312*j. Is j a composite number?
False
Let x be (27/(-6))/((-2)/(-4)). Let a(o) = -5*o - 5. Let w be a(x). Suppose 0 = w*b - 37*b - 5079. Is b prime?
True
Let w = -21937 - -65268. Is w prime?
True
Let w(f) = f + 38. Let x be w(-30). Suppose -31*m = -28*m - 23364. Suppose 0 = 4*q + x*q - m. Is q composite?
True
Let t(f) = 31*f**2 - 9*f**2 - 3*f**2 - 23 - 6*f. Let i(p) = 19*p**2 - 5*p - 23. Let q(z) = -4*i(z) + 5*t(z). Is q(10) a prime number?
True
Let h(c) = c**3 + 98*c**2 - 417*c + 83. Is h(-96) a composite number?
True
Let n = 3419 - -732. Let x = n + -1513. Is x a prime number?
False
Let q(f) = 82*f**2 - 79*f + 238. Is q(-27) composite?
True
Let q = 14311 + -5830. Suppose 0 = 5*p, 5*p - p = -3*l + q. Is l a prime number?
False
Suppose 12859*q - 12875*q + 3068944 = 0. Is q a composite number?
True
Is 921747/5 - 792/(-495) a prime number?
True
Let n = 50 - 88. Let m be (n + -1)*(-2 - 35/(-15)). Let b(l) = l**3 + 15*l**2 + 12*l - 19. Is b(m) prime?
True
Let k(c) = -25 + 0*c**2 - 8*c**2 + 5*c**3 + 7*c - 4*c**3 - 6. Let q be k(8). Suppose 0 = -16*n + q*n - 39537. Is n a composite number?
True
Suppose -13*k + 7*k - 2454 = 0. Let d = -48 - k. Is d a composite number?
True
Let u(w) = -w**2 + 29*w - 27. Let c be u(28). Is (-30706)/(-8) - ((-3)/4)/c prime?
False
Let i = 138291 - -129692. Is i prime?
False
Suppose 3*z - 116 = -4*q, -32 = -z + 5*q + 13. Let a = z + -44. Let o(d) = -51*d + 7. Is o(a) a prime number?
True
Suppose 0 = 78*v - 20*v - 7688770. Is v prime?
False
Let m(t) = 253*t. Suppose -3*q + 155 = -4*d, -2*q - d + 175 = 2*q. Let i = q - 44. Is m(i) a composite number?
True
Is (769861/(-76))/((-5)/20) a composite number?
False
Suppose u + u + 4 = 4*d, 19 = u + 5*d. Suppose q + u = 2*q. Suppose 457 = q*f - 187. Is f prime?
False
Suppose -1141 = -4*g - 7621. Let l = g - -7129. Is l composite?
True
Suppose 2203903 = w - 0*w + 12*w. Is w a prime numbe